units digit of 5591627?
7
What is the ten thousands digit of 295730?
9
What is the hundred thousands digit of 5271529?
2
What is the ten thousands digit of 487718?
8
What is the ten thousands digit of 2108605?
0
What is the hundreds digit of 39769?
7
What is the thousands digit of 9846762?
6
What is the hundreds digit of 485?
4
What is the tens digit of 136372?
7
What is the hundred thousands digit of 4221334?
2
What is the ten thousands digit of 3622879?
2
What is the ten thousands digit of 3220625?
2
What is the hundreds digit of 136752?
7
What is the units digit of 1931246?
6
What is the units digit of 13012712?
2
What is the hundred thousands digit of 773566?
7
What is the millions digit of 15849089?
5
What is the tens digit of 289309?
0
What is the hundred thousands digit of 4941878?
9
What is the tens digit of 7176149?
4
What is the units digit of 646165?
5
What is the units digit of 64758?
8
What is the millions digit of 1397636?
1
What is the hundred thousands digit of 558651?
5
What is the tens digit of 309883?
8
What is the thousands digit of 3412508?
2
What is the tens digit of 93375?
7
What is the hundreds digit of 735240?
2
What is the thousands digit of 111928?
1
What is the ten thousands digit of 960262?
6
What is the hundred thousands digit of 18433747?
4
What is the hundreds digit of 384804?
8
What is the millions digit of 3474809?
3
What is the ten thousands digit of 1060215?
6
What is the hundreds digit of 130783?
7
What is the ten thousands digit of 376470?
7
What is the tens digit of 69306?
0
What is the hundreds digit of 6203148?
1
What is the millions digit of 5180021?
5
What is the ten thousands digit of 216396?
1
What is the thousands digit of 6772510?
2
What is the thousands digit of 6535820?
5
What is the ten thousands digit of 7773908?
7
What is the ten millions digit of 11304193?
1
What is the units digit of 250269?
9
What is the thousands digit of 277866?
7
What is the thousands digit of 1002824?
2
What is the tens digit of 14751131?
3
What is the thousands digit of 866419?
6
What is the ten thousands digit of 149432?
4
What is the hundred thousands digit of 225771?
2
What is the ten thousands digit of 681669?
8
What is the ten thousands digit of 446342?
4
What is the ten millions digit of 31352702?
3
What is the millions digit of 8700568?
8
What is the units digit of 4045729?
9
What is the thousands digit of 143292?
3
What is the thousands digit of 160836?
0
What is the hundreds digit of 25281235?
2
What is the ten thousands digit of 4735101?
3
What is the ten thousands digit of 3575066?
7
What is the tens digit of 2437383?
8
What is the tens digit of 35149692?
9
What is the tens digit of 5363705?
0
What is the thousands digit of 73248?
3
What is the millions digit of 4679834?
4
What is the thousands digit of 407294?
7
What is the units digit of 2471746?
6
What is the thousands digit of 652624?
2
What is the ten thousands digit of 5808141?
0
What is the ten thousands digit of 28460?
2
What is the ten thousands digit of 1247794?
4
What is the hundred thousands digit of 171479?
1
What is the hundred thousands digit of 264398?
2
What is the hundred thousands digit of 829935?
8
What is the tens digit of 4476909?
0
What is the thousands digit of 4845979?
5
What is the millions digit of 22089998?
2
What is the hundred thousands digit of 5358425?
3
What is the hundred thousands digit of 208864?
2
What is the tens digit of 3554304?
0
What is the ten thousands digit of 307978?
0
What is the hundred thousands digit of 587403?
5
What is the units digit of 29212401?
1
What is the units digit of 691682?
2
What is the thousands digit of 699330?
9
What is the thousands digit of 5149568?
9
What is the hundred thousands digit of 1365306?
3
What is the units digit of 1114728?
8
What is the ten thousands digit of 2132274?
3
What is the thousands digit of 25034797?
4
What is the hundreds digit of 244390?
3
What is the thousands digit of 21743989?
3
What is the thousands digit of 18310996?
0
What is the tens digit of 67642?
4
What is the units digit of 774976?
6
What is the hundred thousands digit of 1392304?
3
What is the thousands digit of 276579?
6
What is the units digit of 235099?
9
What is the hundred thousands digit of 974490?
9
What is the thousands digit of 520150?
0
What is the thousands digit of 21676497?
6
What is the units digit of 2507406?
6
What is the tens digit of 842755?
5
What is the hundred thousands digit of 285297?
2
What is the tens digit of 566254?
5
What is the units digit of 1403777?
7
What is the units digit of 244692?
2
What is the ten thousands digit of 104052?
0
What is the units digit of 11020474?
4
What is the tens digit of 25024?
2
What is the units digit of 6234700?
0
What is the hundreds digit of 25260031?
0
What is the units digit of 7520393?
3
What is the tens digit of 1147567?
6
What is the ten millions digit of 19421810?
1
What is the ten thousands digit of 8127361?
2
What is the hundreds digit of 471263?
2
What is the tens digit of 1339831?
3
What is the thousands digit of 77502?
7
What is the hundreds digit of 798940?
9
What is the tens digit of 4825914?
1
What is the ten millions digit of 20819091?
2
What is the hundred thousands digit of 2403524?
4
What is the ten millions digit of 11739401?
1
What is the thousands digit of 172996?
2
What is the millions digit of 11512293?
1
What is the hundred thousands digit of 540316?
5
What is the units digit of 568946?
6
What is the tens digit of 1125252?
5
What is the hundred thousands digit of 7111035?
1
What is the hundred thousands digit of 1437473?
4
What is the ten thousands digit of 15565293?
6
What is the units digit of 513213?
3
What is the thousands digit of 1630975?
0
What is the units digit of 6248851?
1
What is the tens digit of 116738?
3
What is the thousands digit of 1621024?
1
What is the hundreds digit of 717287?
2
What is the ten thousands digit of 134692?
3
What is the hundreds digit of 188968?
9
What is the tens digit of 184101?
0
What is the ten thousands digit of 1320528?
2
What is the hundred thousands digit of 353605?
3
What is the hundreds digit of 413740?
7
What is the thousands digit of 172248?
2
What is the tens digit of 6768815?
1
What is the hundred thousands digit of 594473?
5
What is the units digit of 697228?
8
What is the ten thousands digit of 28225?
2
What is the ten thousands digit of 4278755?
7
What is the hundreds digit of 132255?
2
What is the hundreds digit of 537102?
1
What is the thousands digit of 700021?
0
What is the units digit of 4920110?
0
What is the millions digit of 2381893?
2
What is the tens digit of 42547?
4
What is the hundreds digit of 197973?
9
What is the thousands digit of 1976432?
6
What is the tens digit of 4917210?
1
What is the millions digit of 4041516?
4
What is the hundred thousands digit of 751315?
7
What is the tens digit of 179247?
4
What is the millions digit of 6623494?
6
What is the ten millions digit of 34159563?
3
What is the hundreds digit of 91905?
9
What is the tens digit of 172623?
2
What is the units digit of 578310?
0
What is the millions digit of 3081021?
3
What is the units digit of 402431?
1
What is the ten thousands digit of 779448?
7
What is the hundreds digit of 410820?
8
What is the thousands digit of 420803?
0
What is the thousands digit of 226175?
6
What is the thousands digit of 7057227?
7
What is the thousands digit of 31941260?
1
What is the thousands digit of 295482?
5
What is the units digit of 2551914?
4
What is the thousands digit of 863109?
3
What is the hundreds digit of 3522204?
2
What is the thousands digit of 362236?
2
What is the ten thousands digit of 2709330?
0
What is the ten thousands digit of 285112?
8
What is the thousands digit of 7627648?
7
What is the tens digit of 4687628?
2
What is the millions digit of 4938557?
4
What is the tens digit of 60641?
4
What is the units digit of 15804130?
0
What is the thousands digit of 278456?
8
What is the hundreds digit of 6437179?
1
What is the ten thousands digit of 200302?
0
What is the units digit of 10209920?
0
What is the ten thousands digit of 5362867?
6
What is the hundreds digit of 973235?
2
What is the hundreds digit of 2348766?
7
What is the units digit of 5392439?
9
What is the units digit o